{"id":56,"date":"2020-03-10T11:52:08","date_gmt":"2020-03-10T11:52:08","guid":{"rendered":"http:\/\/vet-heidemann.de.egger-egger.de\/?page_id=56"},"modified":"2024-01-19T06:38:21","modified_gmt":"2024-01-19T06:38:21","slug":"leistungen-pferd","status":"publish","type":"page","link":"https:\/\/vet-heidemann.de\/?page_id=56","title":{"rendered":"Pferde &#038; Equiden"},"content":{"rendered":"\n<h2 class=\"wp-block-heading\"><strong><span style=\"background-color:rgba(0, 0, 0, 0)\" class=\"has-inline-color has-luminous-vivid-amber-color\">Entwurmung <\/span><\/strong><\/h2>\n\n\n\n<p>Gehen Sie f\u00fcr Ihre Tiere neue Wege! Alte Routinen sind bequem, aber sowohl beim Entwurmen, als auch bei der Impfung \u00fcberholt. Viele Pferdefreunde fragen jetzt schon kritisch nach: <br><strong>Muss ich mein Pferd wirklich bis zu vier mal in Jahr behandeln? <br>Die Antwort heisst ganz klar. Nein! <\/strong><br><em>Bis zu 80% der Pferde sind nicht behandlungsbed\u00fcrftig<\/em>! Diese werden bei Routinebehandlungen unn\u00f6tig durch das Medikament belastet und &#8211; noch schlimmer &#8211; die Entwicklung von resistenten St\u00e4mmen, bei denen die Wurmkur nicht mehr hilft wird gef\u00f6rdert. Dies belastet dann nat\u00fcrlich das Einzeltier und \u00fcber die Kontamination der Weidefl\u00e4chen auch alle anderen Pferde im Bestand. Ein weiteres Problem bei der Standardentwurmung ohne vorherige Diagnostik: Man weiss nicht, ob das Pferd W\u00fcrmer hat oder nicht. Und wenn ja: Welche? Die Wahl des passendes Arzneimittels ohne \u00fcberhaupt zu wissen, was man denn behandeln m\u00f6chte, widerspricht nicht nur dem gesunden Menschenverstand, sondern auch den Regeln der tier\u00e4rztlichen Kunst. Nach der Bahndlung folgt das n\u00e4chste Dilemma: War die Behandlung \u00fcberhaupt erfolgreich? Die L\u00f6sung f\u00fcr dieses Dilemma ist eigentlich einfach:<\/p>\n\n\n\n<ol class=\"wp-block-list\">\n<li><strong>Feststellen, ob das Pferd einen behandlungsw\u00fcrdigen Befall mit Endoparasiten hat<\/strong> (z.B. Band\u00fcrmer, Dasselfliegenlarven , Spulw\u00fcrmer etc.). Dabei helfen uns spezialisierte und zertifizierte Labore, mit denen ich zusammen arbeite. Alles was wir dazu brauchen, ist eine Kotprobe.<\/li>\n\n\n\n<li>Die Probe ist untersucht, der <strong>Wurmstatus ist bekannt.<\/strong> Dann empfehle ich Ihnen, falls notwendig, das passende Medikament. Gerne komme ich auch vorbei und \u00fcbernehme die Behandlung, dabei macht es durchaus Sinn, den Patienten mit unsere <strong>mobilen Pferdewaage<\/strong> zu wiegen: so sind wir sicher, da\u00df die Dosis passt. Mit unserem <strong>Wiegepa\u00df<\/strong> haben Sie dann das Gewicht Ihrer Pferde immer im Blick!<\/li>\n\n\n\n<li><strong>Eine regelm\u00e4\u00dfige Erfolgskontrolle<\/strong> (Untersuchung einer weiteren Kotprobe nach der Behandlung) stellt sicher, da\u00df das Medikament gewirkt hat.<\/li>\n\n\n\n<li>In regelm\u00e4ssigen Intervallen stellen wir durch <strong>Folgeproben<\/strong> fest, ob sich etwas ge\u00e4ndert hat und Handlungsbedarf besteht.<\/li>\n<\/ol>\n\n\n\n<p class=\"has-very-light-gray-background-color has-background\">Das Ergebnis ist eine <strong>zielgerichtete Kontrolle der Parasiten<\/strong>, bei der nur behandelt wird, wenn es notwendig ist. Dann aber <strong>schonend, mit dem richtigen Wirkstoff in der richtigen Dosierung und mit Erfolgskontrolle<\/strong>. Ihre Pferde werden davon profitieren, <strong>die Weidefl\u00e4chen werden weniger mit Arzneimittelr\u00fcckstanden und mit resistenten Parasiten belastet<\/strong>.<br>Und die beste Nachricht zum Schluss: Das alles muss auch <strong>nicht teurer sein als die \u00fcberholte regelm\u00e4\u00dfige Standardbehandlung<\/strong> wie sie bisher \u00fcblich war.<\/p>\n\n\n\n<h2 class=\"wp-block-heading\"><span style=\"background-color:rgba(0, 0, 0, 0)\" class=\"has-inline-color has-luminous-vivid-amber-color\">Meine Praxis<\/span><\/h2>\n\n\n\n<ul class=\"wp-block-list\">\n<li><strong>Ich<\/strong> <strong>berate Sie individuell<\/strong> mit dem Wissen aus aktuellen wissenschaftlichen Erkenntnissen der tiermedizinischen Forschung und bin immer f\u00fcr Sie und Ihre Einsteller f\u00fcr Fragen da,<\/li>\n\n\n\n<li>Ich <strong>\u00fcbernehme die komplette Planung, Organisation und Abwicklung <\/strong>eines passenden Konzepts f\u00fcr Sie,<\/li>\n\n\n\n<li>Ich k\u00fcmmere mich um alle Ihre <strong>Termine<\/strong> f\u00fcr Probennahmen, Behandlungen, Monitoring und Impfungen,<\/li>\n\n\n\n<li>Ich habe die <strong>tier\u00e4rztliche Rundumansicht<\/strong> Ihres Betriebes. <br>&#8222;Viele K\u00f6che verderben den Brei&#8220; oder andersherum: wenn &#8222;jeder sein eigenes S\u00fcppchen kocht&#8220;&#8230; Gerade in einem gr\u00f6\u00dferen Bestand sind f\u00fcr sinnvolle und greifende gesundheitsf\u00f6rdernde Behandlungen Ma\u00dfnahmen auf Bestandsebene notwendig und dazu ist ein \u00dcberblick \u00fcber alle Faktoren Ihres Bestandes und der Tiere wichtig.<\/li>\n\n\n\n<li><strong>Gerade bei den routinem\u00e4\u00dfigen Behandlungen Entwurmen und Impfen ist es f\u00fcr die optimale Wirksamkeit und die Gesundheit des Pferdes wichtig, diese beiden zeitlich gut miteinander zu koordinieren. <\/strong><\/li>\n<\/ul>\n\n\n\n<p class=\"has-cyan-bluish-gray-color has-text-color\"><span style=\"background-color:rgba(0, 0, 0, 0);color:#000000\" class=\"has-inline-color\"><em>Sie bieten sich und Ihren Einstellern damit die beste Betreuung f\u00fcr Ihre Tiere und zeigen, dass Sie mit der Zeit gehen, weil Sie die Gesundheit Ihrer Pferde in den Mittelpunkt stellen.<\/em><\/span><br><span style=\"background-color:rgba(0, 0, 0, 0);color:#000000\" class=\"has-inline-color\"><br>Nat\u00fcrlich erfordert die Umstellung Ihrer Entwurmungs- und Impfroutine ein wenig Zeit. Aber auf l\u00e4ngere Sicht erleichtern Sie sich damit die Arbeit, weil Sie das Management daf\u00fcr abgeben k\u00f6nnen.<\/span><\/p>\n\n\n\n<h2 class=\"wp-block-heading\"><strong><span class=\"has-inline-color has-luminous-vivid-amber-color\">Allgemeine tier\u00e4rztliche Untersuchungen &amp; Betreuung<\/span><\/strong><\/h2>\n\n\n\n<ul class=\"wp-block-list\">\n<li>Einzeltierbehandlung<\/li>\n\n\n\n<li>Diagnostik mit eigenem Labor und Speziallaboren<\/li>\n\n\n\n<li>Kolik und Co.<\/li>\n\n\n\n<li>Lungensp\u00fclung bei Chronischer Bronchitis (COPD\/COB\/RAO\/D\u00e4mpfigkeit\/Heustauballergie)<\/li>\n\n\n\n<li>Hengstkastration<\/li>\n<\/ul>\n\n\n\n<figure class=\"wp-block-gallery has-nested-images columns-default is-cropped wp-block-gallery-1 is-layout-flex wp-block-gallery-is-layout-flex\">\n<figure class=\"wp-block-image size-large\"><img loading=\"lazy\" decoding=\"async\" width=\"768\" height=\"1024\" data-id=\"268\" src=\"https:\/\/vet-heidemann.de\/wp-content\/uploads\/2020\/05\/Tierarztpraxis-Heidemann_3-1-768x1024.jpg\" alt=\"\" class=\"wp-image-268\" srcset=\"https:\/\/vet-heidemann.de\/wp-content\/uploads\/2020\/05\/Tierarztpraxis-Heidemann_3-1-768x1024.jpg 768w, https:\/\/vet-heidemann.de\/wp-content\/uploads\/2020\/05\/Tierarztpraxis-Heidemann_3-1-225x300.jpg 225w, https:\/\/vet-heidemann.de\/wp-content\/uploads\/2020\/05\/Tierarztpraxis-Heidemann_3-1-45x60.jpg 45w, https:\/\/vet-heidemann.de\/wp-content\/uploads\/2020\/05\/Tierarztpraxis-Heidemann_3-1-500x667.jpg 500w, https:\/\/vet-heidemann.de\/wp-content\/uploads\/2020\/05\/Tierarztpraxis-Heidemann_3-1.jpg 1000w\" sizes=\"auto, (max-width: 768px) 100vw, 768px\" \/><figcaption class=\"wp-element-caption\">Familie Heidemann  mit Perla<\/figcaption><\/figure>\n\n\n\n<figure class=\"wp-block-image size-large\"><img loading=\"lazy\" decoding=\"async\" width=\"826\" height=\"667\" data-id=\"319\" src=\"https:\/\/vet-heidemann.de\/wp-content\/uploads\/2020\/05\/Tierarztpraxis-Heidemann_22.jpg\" alt=\"\" class=\"wp-image-319\" srcset=\"https:\/\/vet-heidemann.de\/wp-content\/uploads\/2020\/05\/Tierarztpraxis-Heidemann_22.jpg 826w, https:\/\/vet-heidemann.de\/wp-content\/uploads\/2020\/05\/Tierarztpraxis-Heidemann_22-300x242.jpg 300w, https:\/\/vet-heidemann.de\/wp-content\/uploads\/2020\/05\/Tierarztpraxis-Heidemann_22-768x620.jpg 768w, https:\/\/vet-heidemann.de\/wp-content\/uploads\/2020\/05\/Tierarztpraxis-Heidemann_22-74x60.jpg 74w\" sizes=\"auto, (max-width: 826px) 100vw, 826px\" \/><figcaption class=\"wp-element-caption\">Gelenkcheck<\/figcaption><\/figure>\n\n\n\n<figure class=\"wp-block-image size-large\"><img loading=\"lazy\" decoding=\"async\" width=\"1024\" height=\"683\" data-id=\"355\" src=\"https:\/\/vet-heidemann.de\/wp-content\/uploads\/2020\/05\/Banner_vet-heidemann_2-1024x683.jpg\" alt=\"\" class=\"wp-image-355\" srcset=\"https:\/\/vet-heidemann.de\/wp-content\/uploads\/2020\/05\/Banner_vet-heidemann_2-1024x683.jpg 1024w, https:\/\/vet-heidemann.de\/wp-content\/uploads\/2020\/05\/Banner_vet-heidemann_2-300x200.jpg 300w, https:\/\/vet-heidemann.de\/wp-content\/uploads\/2020\/05\/Banner_vet-heidemann_2-768x512.jpg 768w, https:\/\/vet-heidemann.de\/wp-content\/uploads\/2020\/05\/Banner_vet-heidemann_2-90x60.jpg 90w, https:\/\/vet-heidemann.de\/wp-content\/uploads\/2020\/05\/Banner_vet-heidemann_2-370x247.jpg 370w, https:\/\/vet-heidemann.de\/wp-content\/uploads\/2020\/05\/Banner_vet-heidemann_2-776x517.jpg 776w, https:\/\/vet-heidemann.de\/wp-content\/uploads\/2020\/05\/Banner_vet-heidemann_2.jpg 1400w\" sizes=\"auto, (max-width: 1024px) 100vw, 1024px\" \/><\/figure>\n\n\n\n<figure class=\"wp-block-image size-large\"><img loading=\"lazy\" decoding=\"async\" width=\"1024\" height=\"683\" data-id=\"367\" src=\"https:\/\/vet-heidemann.de\/wp-content\/uploads\/2020\/05\/Banner_vet-heidemann_8-1024x683.jpg\" alt=\"\" class=\"wp-image-367\" srcset=\"https:\/\/vet-heidemann.de\/wp-content\/uploads\/2020\/05\/Banner_vet-heidemann_8-1024x683.jpg 1024w, https:\/\/vet-heidemann.de\/wp-content\/uploads\/2020\/05\/Banner_vet-heidemann_8-300x200.jpg 300w, https:\/\/vet-heidemann.de\/wp-content\/uploads\/2020\/05\/Banner_vet-heidemann_8-768x512.jpg 768w, https:\/\/vet-heidemann.de\/wp-content\/uploads\/2020\/05\/Banner_vet-heidemann_8-90x60.jpg 90w, https:\/\/vet-heidemann.de\/wp-content\/uploads\/2020\/05\/Banner_vet-heidemann_8-370x247.jpg 370w, https:\/\/vet-heidemann.de\/wp-content\/uploads\/2020\/05\/Banner_vet-heidemann_8-776x517.jpg 776w, https:\/\/vet-heidemann.de\/wp-content\/uploads\/2020\/05\/Banner_vet-heidemann_8.jpg 1400w\" sizes=\"auto, (max-width: 1024px) 100vw, 1024px\" \/><\/figure>\n\n\n\n<figure class=\"wp-block-image size-large\"><img loading=\"lazy\" decoding=\"async\" width=\"500\" height=\"667\" data-id=\"350\" src=\"https:\/\/vet-heidemann.de\/wp-content\/uploads\/2020\/05\/Zeitgemaesses-Entwurmen.jpg\" alt=\"\" class=\"wp-image-350\" srcset=\"https:\/\/vet-heidemann.de\/wp-content\/uploads\/2020\/05\/Zeitgemaesses-Entwurmen.jpg 500w, https:\/\/vet-heidemann.de\/wp-content\/uploads\/2020\/05\/Zeitgemaesses-Entwurmen-225x300.jpg 225w, https:\/\/vet-heidemann.de\/wp-content\/uploads\/2020\/05\/Zeitgemaesses-Entwurmen-45x60.jpg 45w\" sizes=\"auto, (max-width: 500px) 100vw, 500px\" \/><\/figure>\n\n\n\n<figure class=\"wp-block-image size-large\"><img loading=\"lazy\" decoding=\"async\" width=\"768\" height=\"1024\" data-id=\"280\" src=\"https:\/\/vet-heidemann.de\/wp-content\/uploads\/2020\/05\/Tierarztpraxis-Heidemann_17-1-768x1024.jpg\" alt=\"\" class=\"wp-image-280\" srcset=\"https:\/\/vet-heidemann.de\/wp-content\/uploads\/2020\/05\/Tierarztpraxis-Heidemann_17-1-768x1024.jpg 768w, https:\/\/vet-heidemann.de\/wp-content\/uploads\/2020\/05\/Tierarztpraxis-Heidemann_17-1-225x300.jpg 225w, https:\/\/vet-heidemann.de\/wp-content\/uploads\/2020\/05\/Tierarztpraxis-Heidemann_17-1-45x60.jpg 45w, https:\/\/vet-heidemann.de\/wp-content\/uploads\/2020\/05\/Tierarztpraxis-Heidemann_17-1-500x667.jpg 500w, https:\/\/vet-heidemann.de\/wp-content\/uploads\/2020\/05\/Tierarztpraxis-Heidemann_17-1.jpg 1000w\" sizes=\"auto, (max-width: 768px) 100vw, 768px\" \/><\/figure>\n<\/figure>\n","protected":false},"excerpt":{"rendered":"<p>Entwurmung Gehen Sie f\u00fcr Ihre Tiere neue Wege! Alte Routinen sind bequem, aber sowohl beim Entwurmen, als auch bei der Impfung \u00fcberholt. Viele Pferdefreunde fragen jetzt schon kritisch nach: Muss ich mein Pferd wirklich bis zu vier mal in Jahr behandeln? Die Antwort heisst ganz klar. Nein! Bis zu 80% der Pferde sind nicht behandlungsbed\u00fcrftig! [&hellip;]<\/p>\n","protected":false},"author":1,"featured_media":0,"parent":0,"menu_order":0,"comment_status":"closed","ping_status":"closed","template":"","meta":{"footnotes":""},"class_list":["post-56","page","type-page","status-publish","hentry"],"_links":{"self":[{"href":"https:\/\/vet-heidemann.de\/index.php?rest_route=\/wp\/v2\/pages\/56","targetHints":{"allow":["GET"]}}],"collection":[{"href":"https:\/\/vet-heidemann.de\/index.php?rest_route=\/wp\/v2\/pages"}],"about":[{"href":"https:\/\/vet-heidemann.de\/index.php?rest_route=\/wp\/v2\/types\/page"}],"author":[{"embeddable":true,"href":"https:\/\/vet-heidemann.de\/index.php?rest_route=\/wp\/v2\/users\/1"}],"replies":[{"embeddable":true,"href":"https:\/\/vet-heidemann.de\/index.php?rest_route=%2Fwp%2Fv2%2Fcomments&post=56"}],"version-history":[{"count":34,"href":"https:\/\/vet-heidemann.de\/index.php?rest_route=\/wp\/v2\/pages\/56\/revisions"}],"predecessor-version":[{"id":668,"href":"https:\/\/vet-heidemann.de\/index.php?rest_route=\/wp\/v2\/pages\/56\/revisions\/668"}],"wp:attachment":[{"href":"https:\/\/vet-heidemann.de\/index.php?rest_route=%2Fwp%2Fv2%2Fmedia&parent=56"}],"curies":[{"name":"wp","href":"https:\/\/api.w.org\/{rel}","templated":true}]}}