{"id":686,"date":"2025-06-25T14:17:11","date_gmt":"2025-06-25T14:17:11","guid":{"rendered":"https:\/\/vet-heidemann.de\/?page_id=686"},"modified":"2025-06-25T14:20:54","modified_gmt":"2025-06-25T14:20:54","slug":"notdienst","status":"publish","type":"page","link":"https:\/\/vet-heidemann.de\/?page_id=686","title":{"rendered":"Notdienst"},"content":{"rendered":"\n<p>Liebe Kunden,<br>auch ich kann nicht rund um die Uhr arbeiten und teile mir deswegen einen gemeinsamen Notdienst mit anderen Praxen der Umgebung. Welche Praxis wann Notdienst hat, entnehmen Sie bitte meiner Bandansage.<\/p>\n\n\n\n<p>Grunds\u00e4tzlich bin ich w\u00e4hrend meiner \u00d6ffnungszeiten und in meinem Notdienst immer unter der Festnetznummer erreichbar. Allerdings bin ich manchmal im Funktloch. <strong>Daher sprechen Sie bitte Ihren Namen und Ihre R\u00fcckrufnummer deutlich aufs Band!<\/strong><br> <br>Dies ist auch eine WhatsApp Nummer, auf der Sie mir schreiben k\u00f6nnen. Au\u00dferhalb meines Notdienstes eintreffende Nachrichten werden zu meinen \u00d6ffnungszeiten bearbeitet.<\/p>\n\n\n\n<p><\/p>\n","protected":false},"excerpt":{"rendered":"<p>Liebe Kunden,auch ich kann nicht rund um die Uhr arbeiten und teile mir deswegen einen gemeinsamen Notdienst mit anderen Praxen der Umgebung. Welche Praxis wann Notdienst hat, entnehmen Sie bitte meiner Bandansage. Grunds\u00e4tzlich bin ich w\u00e4hrend meiner \u00d6ffnungszeiten und in meinem Notdienst immer unter der Festnetznummer erreichbar. Allerdings bin ich manchmal im Funktloch. Daher sprechen [&hellip;]<\/p>\n","protected":false},"author":1,"featured_media":0,"parent":0,"menu_order":0,"comment_status":"closed","ping_status":"closed","template":"","meta":{"footnotes":""},"class_list":["post-686","page","type-page","status-publish","hentry"],"_links":{"self":[{"href":"https:\/\/vet-heidemann.de\/index.php?rest_route=\/wp\/v2\/pages\/686","targetHints":{"allow":["GET"]}}],"collection":[{"href":"https:\/\/vet-heidemann.de\/index.php?rest_route=\/wp\/v2\/pages"}],"about":[{"href":"https:\/\/vet-heidemann.de\/index.php?rest_route=\/wp\/v2\/types\/page"}],"author":[{"embeddable":true,"href":"https:\/\/vet-heidemann.de\/index.php?rest_route=\/wp\/v2\/users\/1"}],"replies":[{"embeddable":true,"href":"https:\/\/vet-heidemann.de\/index.php?rest_route=%2Fwp%2Fv2%2Fcomments&post=686"}],"version-history":[{"count":3,"href":"https:\/\/vet-heidemann.de\/index.php?rest_route=\/wp\/v2\/pages\/686\/revisions"}],"predecessor-version":[{"id":690,"href":"https:\/\/vet-heidemann.de\/index.php?rest_route=\/wp\/v2\/pages\/686\/revisions\/690"}],"wp:attachment":[{"href":"https:\/\/vet-heidemann.de\/index.php?rest_route=%2Fwp%2Fv2%2Fmedia&parent=686"}],"curies":[{"name":"wp","href":"https:\/\/api.w.org\/{rel}","templated":true}]}}