{"id":8,"date":"2020-03-05T11:37:24","date_gmt":"2020-03-05T11:37:24","guid":{"rendered":"http:\/\/vet-heidemann.de.egger-egger.de\/?page_id=8"},"modified":"2024-01-19T06:37:21","modified_gmt":"2024-01-19T06:37:21","slug":"leistungen","status":"publish","type":"page","link":"https:\/\/vet-heidemann.de\/?page_id=8","title":{"rendered":"Leistungen"},"content":{"rendered":"\n<h2 class=\"wp-block-heading\"><mark style=\"background-color:rgba(0, 0, 0, 0)\" class=\"has-inline-color has-luminous-vivid-amber-color\">Tier\u00e4rztliche Leistungen<\/mark><\/h2>\n\n\n\n<p>Mir ist die Gesundheit meiner vierbeinigen Patienten sehr wichtig! Ich berate und betreue Sie gerne bei der zielgerichteten zeitgem\u00e4\u00dfen Entwurmung, bei Fragen rund<span class=\"has-inline-color has-very-dark-gray-color\"> um das Impfen<\/span> und nat\u00fcrlich bei der tier\u00e4rztlichen Versorgung von<\/p>\n\n\n\n<ul class=\"wp-block-list\">\n<li>Gro\u00dfen und kleinen Wiederk\u00e4uern. Bestandsuntersuchungen und Notf\u00e4lle (Kaiserschnitte, etc.)<\/li>\n\n\n\n<li>Einzeltier- &amp; Bestandsberatung\/-betreuung,<\/li>\n\n\n\n<li>Pferden &amp; andere Equiden<\/li>\n\n\n\n<li>Hunden, Katzen und anderen Kleintieren<\/li>\n\n\n\n<li>Neuweltkamliden wie Lama und Alpaka.<\/li>\n<\/ul>\n\n\n\n<p>Gerne betreue ich auch Ihre Haus- und Heimtiere in meiner <strong>Kleintiersprechstunde<\/strong> in meiner gro\u00dfz\u00fcgigen Praxis in Ormont oder w\u00e4hrend eines <strong>Hausbesuchs<\/strong>.<\/p>\n","protected":false},"excerpt":{"rendered":"<p>Tier\u00e4rztliche Leistungen Mir ist die Gesundheit meiner vierbeinigen Patienten sehr wichtig! Ich berate und betreue Sie gerne bei der zielgerichteten zeitgem\u00e4\u00dfen Entwurmung, bei Fragen rund um das Impfen und nat\u00fcrlich bei der tier\u00e4rztlichen Versorgung von Gerne betreue ich auch Ihre Haus- und Heimtiere in meiner Kleintiersprechstunde in meiner gro\u00dfz\u00fcgigen Praxis in Ormont oder w\u00e4hrend eines [&hellip;]<\/p>\n","protected":false},"author":1,"featured_media":0,"parent":0,"menu_order":0,"comment_status":"closed","ping_status":"closed","template":"","meta":{"footnotes":""},"class_list":["post-8","page","type-page","status-publish","hentry"],"_links":{"self":[{"href":"https:\/\/vet-heidemann.de\/index.php?rest_route=\/wp\/v2\/pages\/8","targetHints":{"allow":["GET"]}}],"collection":[{"href":"https:\/\/vet-heidemann.de\/index.php?rest_route=\/wp\/v2\/pages"}],"about":[{"href":"https:\/\/vet-heidemann.de\/index.php?rest_route=\/wp\/v2\/types\/page"}],"author":[{"embeddable":true,"href":"https:\/\/vet-heidemann.de\/index.php?rest_route=\/wp\/v2\/users\/1"}],"replies":[{"embeddable":true,"href":"https:\/\/vet-heidemann.de\/index.php?rest_route=%2Fwp%2Fv2%2Fcomments&post=8"}],"version-history":[{"count":22,"href":"https:\/\/vet-heidemann.de\/index.php?rest_route=\/wp\/v2\/pages\/8\/revisions"}],"predecessor-version":[{"id":667,"href":"https:\/\/vet-heidemann.de\/index.php?rest_route=\/wp\/v2\/pages\/8\/revisions\/667"}],"wp:attachment":[{"href":"https:\/\/vet-heidemann.de\/index.php?rest_route=%2Fwp%2Fv2%2Fmedia&parent=8"}],"curies":[{"name":"wp","href":"https:\/\/api.w.org\/{rel}","templated":true}]}}